 (u - 1)*85/(-5). What is the greatest common divisor of 34 and t?
17
Suppose -i + 14 = -13. Let h(g) = g**2 - g - 3. Let k be h(-3). Calculate the highest common divisor of i and k.
9
Let w(f) = 55*f**2 - 10*f + 3. Let u be w(2). Calculate the greatest common divisor of 58 and u.
29
Suppose -2*u - 3*f + 78 = 0, -2*u + 2*f + 65 = -33. Suppose 2*y = 5*g - 88, 0 = -4*g - 2*y + 75 - 1. What is the highest common factor of g and u?
9
Let u(r) = -13*r - r**2 - 4*r - 3 + 15 + 1. Let i be u(-17). Calculate the highest common divisor of i and 143.
13
Suppose 2*u - 3*l - 34 = 0, -3*l + 0*l - 12 = 0. Let z be (-2)/(-9) + 5180/(-63). Let i = z + 159. Calculate the greatest common divisor of u and i.
11
Let h(k) = -26*k - 12. Let p be h(-10). What is the greatest common factor of p and 31?
31
Let f be 31 + 2*(3 + -1) + -6. What is the highest common factor of f and 145?
29
Suppose 0 = -4*m, k - 41 - 28 = -4*m. What is the highest common divisor of 506 and k?
23
Let t = -16 + 20. Let s be 14 + -4 + t + 1. What is the highest common factor of 105 and s?
15
Suppose 2*h - 3566 = -2*m, -4*m + 5633 = -3*h - 1492. Calculate the greatest common divisor of 22 and m.
22
Suppose 6*w + 155 = 11*w. Suppose -w*z + 28*z = -54. What is the greatest common factor of 2 and z?
2
Let d = -383 + 400. What is the highest common factor of d and 85?
17
Let n(z) = -71*z - 58. Let p be n(-2). Calculate the highest common factor of 60 and p.
12
Let k(v) = -8*v - 10. Let r be k(-13). Suppose 2*d + 0*f - r = -f, -228 = -5*d + f. Calculate the greatest common divisor of d and 69.
23
Let g be (-18)/10 - -1 - (-1976)/95. What is the highest common factor of g and 5?
5
Let m(z) = 2*z**2 + 18*z - 17. Let q = 50 + -63. Let c be m(q). What is the highest common divisor of 29 and c?
29
Suppose 0 = 4*g - 31 + 7. Suppose 0 = g*k - 3*k - 360. Let f be 1/(-3)*0 + 15. Calculate the highest common divisor of f and k.
15
Let w(k) = 5*k + 40. Let x be w(-9). Let q be (-22)/(-10) - 2 - 79/x. Let p be 4/(-6) + (-338)/(-3). What is the highest common factor of q and p?
16
Suppose -3*p - 2960 = -4*s, 0*s = s - 3*p - 740. Calculate the greatest common factor of 37 and s.
37
Let j(g) = -1. Let y(p) = 4*p - 9. Let x(b) = -2*j(b) + y(b). Let v be x(13). What is the greatest common divisor of v and 18?
9
Let p(f) = f**3 + f**2 - 7*f - 1. Let c be p(-3). Calculate the greatest common divisor of 14 and c.
2
Suppose -p - 3 = -8, 4*t = p + 1887. Calculate the highest common factor of t and 43.
43
Let d(g) = -g**2 - 13*g - 19. Let v be d(-9). Let o = 24 - v. What is the greatest common factor of o and 56?
7
Let l be 42/9*(-48)/(-56). Suppose -c = -1 - 4. Suppose -91 = -3*n + c*z, 133 = l*n + 6*z - z. Calculate the greatest common divisor of n and 4.
4
Let i(w) = w**2 - 7*w - 15. Let r be i(10). Calculate the highest common divisor of 30 and r.
15
Let n(m) = -39*m**3 + m + 1. Let x be n(-1). Suppose -29*c + x = -26*c. Calculate the highest common factor of c and 52.
13
Let x be 1/(-2*(-2)/164). Let p(u) = 18*u**2 + 4*u - 222. Let v be p(4). What is the greatest common divisor of x and v?
41
Suppose 0 = 4*w - 13 + 5. Suppose 3*l - 3*x = 30, 7*x - w*x - 6 = -2*l. Suppose r = -0*r + l. What is the highest common divisor of r and 20?
4
Suppose -9 = -17*k + 16*k. Let g = -20 + 29. Suppose -2*j + g = -9. Calculate the greatest common factor of k and j.
9
Let k = 20 + 12. Let r = 16 + k. Calculate the highest common divisor of r and 6.
6
Let p = -883 + 983. Calculate the greatest common divisor of 350 and p.
50
Let i = -51 - -50. Let f be i/(-6) + (-565)/(-30). Calculate the greatest common factor of 76 and f.
19
Let s(i) = -i**2 + 10*i + 11. Let c be s(11). Let g = 15 + c. Suppose 0 = 3*k - 6*k + g. Calculate the greatest common factor of 2 and k.
1
Suppose -8*k = -1700 - 4228. What is the greatest common divisor of 39 and k?
39
Suppose -14 - 4 = -6*k. Let d be 770/33 + 2/k. Let o be 18/(-4)*24/(-9). Calculate the highest common factor of d and o.
12
Suppose -3 = 4*p + 2*c - 85, -15 = -5*c. Let m be (8/6)/((-2)/(-114)). Calculate the highest common factor of p and m.
19
Let q(u) = -15*u + 2. Let j be q(0). Let r be 4/1*665/20. Suppose j*g - 11 = r. Calculate the greatest common divisor of 12 and g.
12
Let y be -18*(27/(-6) - 1). Let z(m) = 8*m**2 - 2*m - 1. Let d be z(-1). Calculate the highest common factor of y and d.
9
Let c(v) = -28*v - 146. Let m be c(-21). Calculate the greatest common factor of 34 and m.
34
Suppose -12 = -2*j + 48. Suppose -6 = 2*h - j. What is the greatest common factor of 132 and h?
12
Let o(l) = -5*l - 39. Let w be o(-9). Calculate the highest common divisor of w and 6.
6
Let y(c) = -2*c**2 + c + 1. Let r be y(4). Let i = r + 28. Calculate the greatest common divisor of i and 2.
1
Let y = -625 - -689. What is the greatest common divisor of 416 and y?
32
Suppose -2*o = -o + 1. Let g(u) = -11*u**3. Let b be g(o). Let p = 307 - 219. What is the greatest common divisor of b and p?
11
Let a = 474 - 448. What is the highest common factor of 4 and a?
2
Let n(u) = 3*u + 6. Let t be n(1). Let d be 12*(t/(-4) + 4). What is the highest common factor of d and 168?
21
Let d = -101 + 108. Calculate the greatest common divisor of d and 14.
7
Suppose -y + 216 = 4*n, 319 = 4*n - 2*y + 103. Suppose -4*r = 5*d - 173, 3*d - 1 = 3*r + 119. Let x = -19 + d. Calculate the highest common divisor of x and n.
18
Let h be ((-66)/(-9))/((-4)/18). Let z = -192 - -137. Let i = h - z. What is the greatest common divisor of 242 and i?
22
Suppose -8*j + 266 = 26. Let n = j + 20. What is the greatest common factor of 25 and n?
25
Let i = -176 + 276. Let y = -84 + i. Calculate the greatest common divisor of y and 48.
16
Let p be -1 + -2 + -10 + 0. Let c = 77 + -54. Let a = c + p. Calculate the greatest common divisor of a and 50.
10
Let d(x) = 2*x - 22. Let r be d(12). Suppose -r*p + 4*p = a - 1, a + p - 10 = 0. Calculate the greatest common factor of 77 and a.
7
Let m = -1551 + 2166. Calculate the highest common divisor of 10 and m.
5
Suppose 125 = -29*y + 821. Calculate the greatest common divisor of y and 40.
8
Suppose -291 = -2*z - 3*h, 110 = z + h - 35. Let y = 33 + -17. What is the greatest common divisor of z and y?
16
Let u be ((-9)/5)/(2 + (-69)/30). Suppose 0 = -u*j + 69 + 525. What is the greatest common factor of j and 9?
9
Let a = -8 + 14. Suppose n + 5*r + 5 = -9, -3*n + 3*r - a = 0. Let s be (n + 6)/(4/10). Calculate the highest common factor of 45 and s.
5
Suppose 4*o + 4*q - 71 - 133 = 0, 163 = 3*o + q. Let b(s) = s**3 - 11*s**2 + 14*s - 70. Let h be b(11). What is the greatest common divisor of o and h?
28
Suppose 5*z - 15 = -f + 1, 4*z = -3*f + 15. Let w(o) = 2*o - 6. Let y be w(6). Calculate the highest common divisor of z and y.
3
Let i = 375 - 355. Calculate the highest common divisor of 8 and i.
4
Let u(c) = 3*c - 11. Let g be (10/(-8))/(1/(-8)). Let b(t) = -t**2 + 13*t - 25. Let v be b(g). Let x be u(v). Calculate the highest common divisor of x and 10.
2
Suppose -2*s = -5*w + 3, 5*w - 3*s = 8 - 1. Let p be (w/(-2))/(1/(-2))*-65. Calculate the highest common factor of 5 and p.
5
Let c be (-1 + 20 - -4) + -3. Suppose -5*m + 215 = -0*g + 3*g, m = 3*g + 25. Calculate the greatest common factor of m and c.
20
Let t be 1/8*4*14. Suppose 4*m = -2*x + t*m + 26, -x = 2*m - 27. What is the greatest common factor of 19 and x?
19
Suppose 15 = 3*b - 2*u, -5*b = 2*u + 1 - 26. Suppose -5*j = -g - 55, 4*j + b*g + 16 = 60. Calculate the highest common divisor of 77 and j.
11
Let f be (-1)/(-5) - (7 + 15499/(-55)). What is the greatest common divisor of 50 and f?
25
Let k(j) = 83*j - 142. Let q be k(12). What is the highest common divisor of q and 7?
7
Let l(c) be the second derivative of -c**5/20 + c**4/3 + c**3 - 9*c**2/2 + 26*c. Let w be l(4). Calculate the greatest common divisor of 105 and w.
15
Let q be -3*19/3*-13. What is the greatest common divisor of 143 and q?
13
Let p be (24/(-48))/((-2)/36). Calculate the greatest common factor of p and 711.
9
Let t(a) = a - 5. Let m be t(10). Suppose -4*v + 7 = -m. Let n be v/1 + -2 + 5. Calculate the greatest common divisor of 30 and n.
6
Suppose -3*p = i - 95, -3*p + 6*p - 85 = 4*i. Suppose 25*y - p*y = -312. Calculate the highest common factor of y and 13.
13
Let i(